rt 1311111 (base 4) to base 3.
101022010
-1101 (base 4) to base 13
-63
Convert -131 (base 7) to base 5.
-241
What is 102000102 (base 3) in base 7?
32261
-11001000000100 (base 2) to base 13
-5a9c
b3b8 (base 16) to base 5
2433013
What is -2974 (base 11) in base 3?
-12020221
Convert -23795 (base 10) to base 16.
-5cf3
-3360 (base 8) to base 4
-123300
-1b05 (base 13) to base 16
-fdd
177e (base 15) to base 3
20221202
What is 10110000010010 (base 2) in base 13?
519b
-125350 (base 6) to base 10
-11586
-1267 (base 15) to base 12
-232a
1a254 (base 11) to base 15
8587
Convert -1110011 (base 3) to base 5.
-13212
What is 20000 (base 7) in base 4?
1023002
What is -116a7 (base 15) in base 14?
-1632b
What is 2476 (base 10) in base 6?
15244
Convert -5b39 (base 16) to base 4.
-11230321
What is -64 (base 16) in base 6?
-244
Convert 312051 (base 6) to base 8.
60777
20121 (base 5) to base 8
2406
Convert -140722 (base 8) to base 14.
-14122
2c5 (base 15) to base 5
10020
-210c (base 14) to base 11
-4309
What is 39205 (base 11) in base 2?
1101101101010101
Convert -34033 (base 6) to base 16.
-12a5
What is -220406 (base 7) in base 13?
-14768
What is -169 (base 16) in base 10?
-361
11 (base 12) to base 11
12
What is 24b (base 12) in base 7?
1004
What is -4238 (base 11) in base 16?
-15e7
What is -100100010110 (base 2) in base 15?
-a51
Convert -8974 (base 14) to base 6.
-302134
What is 14462 (base 8) in base 11?
4934
What is -39615 (base 11) in base 16?
-dd44
What is -1231503 (base 6) in base 12?
-32593
-693 (base 10) to base 3
-221200
What is 15706 (base 11) in base 4?
11122011
What is -2c57 (base 13) in base 11?
-4974
What is 65437 (base 10) in base 8?
177635
-248 (base 11) to base 7
-600
What is -10010001 (base 2) in base 5?
-1040
What is -5502 (base 12) in base 16?
-2492
-6616 (base 8) to base 3
-11202112
What is 3a8 (base 14) in base 10?
736
What is -4760 (base 10) in base 12?
-2908
Convert -101001101110 (base 2) to base 12.
-1666
Convert 4b01 (base 12) to base 3.
102122201
Convert 1457d (base 15) to base 12.
319b4
19b (base 13) to base 14
173
Convert 1223 (base 8) to base 7.
1631
What is 83a (base 12) in base 6?
5314
-10366 (base 7) to base 13
-1249
-6492 (base 10) to base 8
-14534
Convert -13110 (base 6) to base 10.
-1986
What is 1000010001110 (base 2) in base 10?
4238
Convert -101111111001011 (base 2) to base 10.
-24523
6224 (base 9) to base 2
1000111001110
What is -5605 (base 14) in base 7?
-61305
What is 43a (base 13) in base 12?
505
What is -2220210 (base 3) in base 14?
-abd
What is -63465 (base 8) in base 4?
-12130311
33456 (base 7) to base 15
2799
Convert 106e (base 16) to base 6.
31250
What is 212241 (base 5) in base 12?
41b8
What is 38a (base 16) in base 13?
549
469 (base 15) to base 9
1330
What is -12010 (base 4) in base 16?
-184
What is -1000012 (base 3) in base 6?
-3222
Convert -12a (base 12) to base 4.
-2302
16206 (base 8) to base 11
5539
Convert -63079 (base 10) to base 12.
-30607
110100101010 (base 2) to base 14
132a
Convert 10223 (base 5) to base 10.
688
What is a7 (base 11) in base 12?
99
206 (base 7) to base 11
95
What is 1404 (base 16) in base 8?
12004
Convert 126326 (base 8) to base 14.
121a6
What is -136d (base 15) in base 10?
-4153
-3414 (base 7) to base 5
-14421
62302 (base 7) to base 4
3232021
10010 (base 4) to base 3
100122
-273 (base 12) to base 7
-1044
Convert -20247 (base 9) to base 15.
-3e37
-4034 (base 6) to base 14
-474
Convert -3182 (base 10) to base 15.
-e22
-5a6 (base 12) to base 15
-3b6
Convert -36313 (base 7) to base 15.
-2bcd
What is -58a (base 12) in base 10?
-826
3bf9 (base 16) to base 7
62522
-5652 (base 9) to base 7
-15116
What is -109 (base 12) in base 15?
-a3
-1166 (base 8) to base 9
-770
2110222 (base 3) to base 12
1068
1031310 (base 4) to base 10
4980
Convert -5582 (base 10) to base 11.
-4215
Convert -210112110 (base 3) to base 7.
-63525
Convert -12ba (base 14) to base 12.
-1ab0
Convert -164db (base 14) to base 7.
-321564
ef03 (base 16) to base 14
18427
What is -40154 (base 7) in base 8?
-22734
-31210 (base 7) to base 5
-221101
Convert 20600 (base 7) to base 14.
1c00
-632 (base 14) to base 15
-565
-565 (base 8) to base 11
-30a
-101110 (base 4) to base 7
-3142
Convert 136b (base 14) to base 8.
6543
What is 55105 (base 7) in base 11?
a392
What is 23110 (base 5) in base 12?
b5b
-21a53 (base 13) to base 9
-102703
What is -41265 (base 7) in base 2?
-10011101101100
Convert -300 (base 11) to base 9.
-443
What is -1021001 (base 3) in base 8?
-1627
What is 160 (base 7) in base 9?
111
-15120 (base 6) to base 13
-1146
What is 40024 (base 5) in base 13?
11b5
Convert -270 (base 10) to base 12.
-1a6
13445 (base 6) to base 7
6113
What is 12003030 (base 4) in base 13?
b382
48 (base 11) to base 5
202
What is -42144 (base 6) in base 14?
-20da
Convert 23152 (base 10) to base 16.
5a70
What is -4755 (base 14) in base 11?
-9374
Convert -832 (base 9) to base 15.
-302
What is -1212000 (base 3) in base 5?
-20400
-1232302 (base 4) to base 7
-26446
21622 (base 14) to base 11
55769
Convert -8258 (base 9) to base 5.
-143142
Convert -110221212 (base 3) to base 6.
-111422
319 (base 13) to base 11
441
What is 12a0 (base 13) in base 4?
221221
61210 (base 9) to base 3
2001020100
What is -21100 (base 4) in base 13?
-367
What is -3d2 (base 15) in base 4?
-31220
1808a (base 11) to base 16
632b
2347 (base 11) to base 7
11653
Convert -425 (base 8) to base 3.
-101021
142050 (base 6) to base 5
412142
-2024 (base 9) to base 10
-1480
What is -31313 (base 6) in base 13?
-1bc9
What is 10000001101001 (base 2) in base 10?
8297
Convert 1100121 (base 5) to base 10.
18786
Convert 2ac (base 15) to base 4.
21210
a85 (base 16) to base 2
101010000101
-270 (base 15) to base 8
-1053
What is 8d (base 15) in base 4?
2011
What is 4652 (base 9) in base 14?
1385
What is -1000111100100000 (base 2) in base 6?
-441344
What is 25a4 (base 16) in base 4?
2112210
826 (base 12) to base 13
6cc
Convert 60020 (base 8) to base 14.
8d68
Convert -56a (base 16) to base 4.
-111222
-10011100000 (base 2) to base 15
-583
What is -3bc (base 14) in base 16?
-2f2
Convert 1032432 (base 6) to base 5.
3114030
What is -24011 (base 8) in base 7?
-41611
What is -24263 (base 7) in base 16?
-18ad
4269 (base 11) to base 5
140031
What is -320 (base 5) in base 6?
-221
-23311 (base 4) to base 3
-1001001
What is -650 (base 9) in base 14?
-29d
What is -11511 (base 8) in base 9?
-6685
What is -32212 (base 4) in base 16?
-3a6
39a51 (base 12) to base 2
10011010110011101
Convert -100110100111011 (base 2) to base 14.
-72c3
Convert -1232 (base 5) to base 8.
-300
1010322 (base 4) to base 11
334a
Convert 566 (base 15) to base 5.
14341
Convert 1341 (base 8) to base 16.
2e1
2020011020 (base 3) to base 7
241566
101100000011011 (base 2) to base 12
11077
Convert 2154 (base 7) to base 13.
477
What is 515010 (base 6) in base 8?
120456
-11b (base 15) to base 14
-13d
What is 5784 (base 11) in base 7?
31066
Convert 1c0 (base 14) to base 16.
16c
Convert 1047 (base 12) to base 4.
123313
What is 190 (base 15) in base 6?
1400
What is 3c52 (base 16) in base 14?
58b0
Convert -222034 (base 5) to base 10.
-7769
Convert 5a44 (base 13) to base 10.
12731
-e (base 16) to base 14
-10
Convert 41 (base 16) to base 10.
65
97 (base 13) to base 4
1330
Convert -276c (base 13) to base 10.
-5667
-11411 (base 7) to base 6
-21352
Convert -1014a (base 11) to base 3.
-202022202
Convert 19550 (base 10) to base 16.
4c5e
What is 4771 (base 8) in base 15?
b53
2010230 (base 4) to base 14
3148
-154565 (base 7) to base 15
-906b
What is -36560 (base 7) in base 15?
-2c68
3464 (base 8) to base 9
2468
Convert -42a (base 15) to base 16.
-3ac
2021 (base 5) to base 10
261
Convert 43 (base 11) to base 8.
57
Convert -18a45 (base 11) to base 15.
-7ced
What is 1277 (base 9) in base 14?
4c9
Convert -641 (base 10) to base 2.
-1010000001
Convert 2022220120 (base 3) to base 10.
45861
What is 1817 (base 10) in base 7?
5204
Convert 8025 (base 12) to base 9.
21002
212121 (base 3) to base 13
3a0
101100001 (base 2) to base 6
1345
-1a6 (base 14) to base 15
-17c
Convert -858 (base 11) to base 13.
-614
Convert -63304 (base 7) to base 9.
-23337
Convert -2430 (base 13) to base 7.
-20616
What is -60506 (base 7) in base 8?
-34501
What is 66b5 (base 12) in base 4?
2301221
What is 1232 (bas